{"id":96,"date":"2021-10-08T18:12:21","date_gmt":"2021-10-08T16:12:21","guid":{"rendered":"http:\/\/lesbutineursdubonheur.com\/?page_id=96"},"modified":"2026-03-03T13:39:33","modified_gmt":"2026-03-03T12:39:33","slug":"dessin-peinture-2","status":"publish","type":"page","link":"https:\/\/lesbutineursdubonheur.com\/index.php\/dessin-peinture-2\/","title":{"rendered":"Naturalisme programme 2026"},"content":{"rendered":"\n<h2 class=\"wp-block-heading\">Ecole des naturalistes d&#8217;aquitaine<\/h2>\n\n\n\n<figure class=\"wp-block-image size-large\"><img loading=\"lazy\" decoding=\"async\" width=\"724\" height=\"1024\" src=\"http:\/\/lesbutineursdubonheur.com\/wp-content\/uploads\/2025\/06\/ENA-BBR-724x1024.png\" alt=\"\" class=\"wp-image-1582\" srcset=\"https:\/\/lesbutineursdubonheur.com\/wp-content\/uploads\/2025\/06\/ENA-BBR-724x1024.png 724w, https:\/\/lesbutineursdubonheur.com\/wp-content\/uploads\/2025\/06\/ENA-BBR-212x300.png 212w, https:\/\/lesbutineursdubonheur.com\/wp-content\/uploads\/2025\/06\/ENA-BBR-768x1086.png 768w, https:\/\/lesbutineursdubonheur.com\/wp-content\/uploads\/2025\/06\/ENA-BBR-1086x1536.png 1086w, https:\/\/lesbutineursdubonheur.com\/wp-content\/uploads\/2025\/06\/ENA-BBR-1448x2048.png 1448w, https:\/\/lesbutineursdubonheur.com\/wp-content\/uploads\/2025\/06\/ENA-BBR-42x60.png 42w, https:\/\/lesbutineursdubonheur.com\/wp-content\/uploads\/2025\/06\/ENA-BBR.png 1587w\" sizes=\"auto, (max-width: 724px) 100vw, 724px\" \/><\/figure>\n\n\n\n<p>Dessin Botanique<\/p>\n\n\n\n<div class=\"wp-block-group\"><div class=\"wp-block-group__inner-container is-layout-constrained wp-block-group-is-layout-constrained\">\n<div class=\"wp-block-columns is-layout-flex wp-container-core-columns-is-layout-9d6595d7 wp-block-columns-is-layout-flex\">\n<div class=\"wp-block-column is-layout-flow wp-block-column-is-layout-flow\">\n<figure class=\"wp-block-gallery has-nested-images columns-default is-cropped wp-block-gallery-1 is-layout-flex wp-block-gallery-is-layout-flex\">\n<figure class=\"wp-block-image size-large\"><img loading=\"lazy\" decoding=\"async\" width=\"724\" height=\"1024\" data-id=\"1764\" src=\"https:\/\/lesbutineursdubonheur.com\/wp-content\/uploads\/2025\/07\/1-8-724x1024.png\" alt=\"\" class=\"wp-image-1764\" srcset=\"https:\/\/lesbutineursdubonheur.com\/wp-content\/uploads\/2025\/07\/1-8-724x1024.png 724w, https:\/\/lesbutineursdubonheur.com\/wp-content\/uploads\/2025\/07\/1-8-212x300.png 212w, https:\/\/lesbutineursdubonheur.com\/wp-content\/uploads\/2025\/07\/1-8-768x1086.png 768w, https:\/\/lesbutineursdubonheur.com\/wp-content\/uploads\/2025\/07\/1-8-1086x1536.png 1086w, https:\/\/lesbutineursdubonheur.com\/wp-content\/uploads\/2025\/07\/1-8-42x60.png 42w, https:\/\/lesbutineursdubonheur.com\/wp-content\/uploads\/2025\/07\/1-8.png 1414w\" sizes=\"auto, (max-width: 724px) 100vw, 724px\" \/><\/figure>\n<\/figure>\n<\/div>\n\n\n\n<div class=\"wp-block-column is-layout-flow wp-block-column-is-layout-flow\">\n<figure class=\"wp-block-gallery has-nested-images columns-default is-cropped wp-block-gallery-2 is-layout-flex wp-block-gallery-is-layout-flex\">\n<figure class=\"wp-block-image size-large\"><img loading=\"lazy\" decoding=\"async\" width=\"724\" height=\"1024\" data-id=\"1765\" src=\"https:\/\/lesbutineursdubonheur.com\/wp-content\/uploads\/2025\/07\/2-6-724x1024.png\" alt=\"\" class=\"wp-image-1765\" srcset=\"https:\/\/lesbutineursdubonheur.com\/wp-content\/uploads\/2025\/07\/2-6-724x1024.png 724w, https:\/\/lesbutineursdubonheur.com\/wp-content\/uploads\/2025\/07\/2-6-212x300.png 212w, https:\/\/lesbutineursdubonheur.com\/wp-content\/uploads\/2025\/07\/2-6-768x1086.png 768w, https:\/\/lesbutineursdubonheur.com\/wp-content\/uploads\/2025\/07\/2-6-1086x1536.png 1086w, https:\/\/lesbutineursdubonheur.com\/wp-content\/uploads\/2025\/07\/2-6-42x60.png 42w, https:\/\/lesbutineursdubonheur.com\/wp-content\/uploads\/2025\/07\/2-6.png 1414w\" sizes=\"auto, (max-width: 724px) 100vw, 724px\" \/><\/figure>\n<\/figure>\n<\/div>\n<\/div>\n\n\n\n<blockquote class=\"wp-block-quote is-layout-flow wp-block-quote-is-layout-flow\">\n<p><\/p>\n<\/blockquote>\n\n\n\n<h1 class=\"wp-block-heading\"><\/h1>\n<\/div><\/div>\n\n\n\n<figure class=\"wp-block-gallery has-nested-images columns-default is-cropped wp-block-gallery-3 is-layout-flex wp-block-gallery-is-layout-flex\">\n<figure class=\"wp-block-image size-large\"><img loading=\"lazy\" decoding=\"async\" width=\"724\" height=\"1024\" data-id=\"1817\" src=\"https:\/\/lesbutineursdubonheur.com\/wp-content\/uploads\/2026\/02\/ppam2026-2-724x1024.png\" alt=\"\" class=\"wp-image-1817\" srcset=\"https:\/\/lesbutineursdubonheur.com\/wp-content\/uploads\/2026\/02\/ppam2026-2-724x1024.png 724w, https:\/\/lesbutineursdubonheur.com\/wp-content\/uploads\/2026\/02\/ppam2026-2-212x300.png 212w, https:\/\/lesbutineursdubonheur.com\/wp-content\/uploads\/2026\/02\/ppam2026-2-768x1086.png 768w, https:\/\/lesbutineursdubonheur.com\/wp-content\/uploads\/2026\/02\/ppam2026-2-1086x1536.png 1086w, https:\/\/lesbutineursdubonheur.com\/wp-content\/uploads\/2026\/02\/ppam2026-2-42x60.png 42w, https:\/\/lesbutineursdubonheur.com\/wp-content\/uploads\/2026\/02\/ppam2026-2.png 1414w\" sizes=\"auto, (max-width: 724px) 100vw, 724px\" \/><\/figure>\n\n\n\n<figure class=\"wp-block-image size-large\"><img loading=\"lazy\" decoding=\"async\" width=\"724\" height=\"1024\" data-id=\"1801\" src=\"https:\/\/lesbutineursdubonheur.com\/wp-content\/uploads\/2025\/10\/1-724x1024.png\" alt=\"\" class=\"wp-image-1801\" srcset=\"https:\/\/lesbutineursdubonheur.com\/wp-content\/uploads\/2025\/10\/1-724x1024.png 724w, https:\/\/lesbutineursdubonheur.com\/wp-content\/uploads\/2025\/10\/1-212x300.png 212w, https:\/\/lesbutineursdubonheur.com\/wp-content\/uploads\/2025\/10\/1-768x1086.png 768w, https:\/\/lesbutineursdubonheur.com\/wp-content\/uploads\/2025\/10\/1-1086x1536.png 1086w, https:\/\/lesbutineursdubonheur.com\/wp-content\/uploads\/2025\/10\/1-42x60.png 42w, https:\/\/lesbutineursdubonheur.com\/wp-content\/uploads\/2025\/10\/1.png 1414w\" sizes=\"auto, (max-width: 724px) 100vw, 724px\" \/><\/figure>\n<\/figure>\n\n\n\n<p>Cycle ornithologie<\/p>\n\n\n\n<figure class=\"wp-block-gallery has-nested-images columns-default is-cropped wp-block-gallery-4 is-layout-flex wp-block-gallery-is-layout-flex\">\n<figure class=\"wp-block-image size-large\"><img loading=\"lazy\" decoding=\"async\" width=\"724\" height=\"1024\" data-id=\"1590\" src=\"https:\/\/lesbutineursdubonheur.com\/wp-content\/uploads\/2025\/06\/Initiation-a-lOrnithologie-Villefranche-de-lonchat-724x1024.png\" alt=\"\" class=\"wp-image-1590\" srcset=\"https:\/\/lesbutineursdubonheur.com\/wp-content\/uploads\/2025\/06\/Initiation-a-lOrnithologie-Villefranche-de-lonchat-724x1024.png 724w, https:\/\/lesbutineursdubonheur.com\/wp-content\/uploads\/2025\/06\/Initiation-a-lOrnithologie-Villefranche-de-lonchat-212x300.png 212w, https:\/\/lesbutineursdubonheur.com\/wp-content\/uploads\/2025\/06\/Initiation-a-lOrnithologie-Villefranche-de-lonchat-768x1086.png 768w, https:\/\/lesbutineursdubonheur.com\/wp-content\/uploads\/2025\/06\/Initiation-a-lOrnithologie-Villefranche-de-lonchat-1086x1536.png 1086w, https:\/\/lesbutineursdubonheur.com\/wp-content\/uploads\/2025\/06\/Initiation-a-lOrnithologie-Villefranche-de-lonchat-42x60.png 42w, https:\/\/lesbutineursdubonheur.com\/wp-content\/uploads\/2025\/06\/Initiation-a-lOrnithologie-Villefranche-de-lonchat.png 1414w\" sizes=\"auto, (max-width: 724px) 100vw, 724px\" \/><\/figure>\n<\/figure>\n\n\n\n<h2 class=\"wp-block-heading\">Activit\u00e9s estivale<\/h2>\n\n\n\n<p>S\u00e9minaire du mouvement de l&#8217;agriculture biodynamique<\/p>\n\n\n\n<figure class=\"wp-block-image size-full\"><img loading=\"lazy\" decoding=\"async\" width=\"900\" height=\"629\" src=\"https:\/\/lesbutineursdubonheur.com\/wp-content\/uploads\/2026\/03\/Capture-decran-2026-02-02-123822.png\" alt=\"\" class=\"wp-image-1834\" srcset=\"https:\/\/lesbutineursdubonheur.com\/wp-content\/uploads\/2026\/03\/Capture-decran-2026-02-02-123822.png 900w, https:\/\/lesbutineursdubonheur.com\/wp-content\/uploads\/2026\/03\/Capture-decran-2026-02-02-123822-300x210.png 300w, https:\/\/lesbutineursdubonheur.com\/wp-content\/uploads\/2026\/03\/Capture-decran-2026-02-02-123822-768x537.png 768w, https:\/\/lesbutineursdubonheur.com\/wp-content\/uploads\/2026\/03\/Capture-decran-2026-02-02-123822-86x60.png 86w\" sizes=\"auto, (max-width: 900px) 100vw, 900px\" \/><\/figure>\n\n\n\n<p>Demies journ\u00e9es d\u00e9couverte<\/p>\n\n\n\n<figure class=\"wp-block-gallery has-nested-images columns-default is-cropped wp-block-gallery-5 is-layout-flex wp-block-gallery-is-layout-flex\">\n<figure class=\"wp-block-image size-large\"><img loading=\"lazy\" decoding=\"async\" width=\"724\" height=\"1024\" data-id=\"1838\" src=\"https:\/\/lesbutineursdubonheur.com\/wp-content\/uploads\/2026\/03\/api-decoiuverte-estival-724x1024.png\" alt=\"\" class=\"wp-image-1838\" srcset=\"https:\/\/lesbutineursdubonheur.com\/wp-content\/uploads\/2026\/03\/api-decoiuverte-estival-724x1024.png 724w, https:\/\/lesbutineursdubonheur.com\/wp-content\/uploads\/2026\/03\/api-decoiuverte-estival-212x300.png 212w, https:\/\/lesbutineursdubonheur.com\/wp-content\/uploads\/2026\/03\/api-decoiuverte-estival-768x1086.png 768w, https:\/\/lesbutineursdubonheur.com\/wp-content\/uploads\/2026\/03\/api-decoiuverte-estival-1086x1536.png 1086w, https:\/\/lesbutineursdubonheur.com\/wp-content\/uploads\/2026\/03\/api-decoiuverte-estival-1448x2048.png 1448w, https:\/\/lesbutineursdubonheur.com\/wp-content\/uploads\/2026\/03\/api-decoiuverte-estival-42x60.png 42w, https:\/\/lesbutineursdubonheur.com\/wp-content\/uploads\/2026\/03\/api-decoiuverte-estival.png 1587w\" sizes=\"auto, (max-width: 724px) 100vw, 724px\" \/><\/figure>\n\n\n\n<figure class=\"wp-block-image size-large\"><img loading=\"lazy\" decoding=\"async\" width=\"724\" height=\"1024\" data-id=\"1840\" src=\"https:\/\/lesbutineursdubonheur.com\/wp-content\/uploads\/2026\/03\/dessin-bota-decouverte-estivale-724x1024.png\" alt=\"\" class=\"wp-image-1840\" srcset=\"https:\/\/lesbutineursdubonheur.com\/wp-content\/uploads\/2026\/03\/dessin-bota-decouverte-estivale-724x1024.png 724w, https:\/\/lesbutineursdubonheur.com\/wp-content\/uploads\/2026\/03\/dessin-bota-decouverte-estivale-212x300.png 212w, https:\/\/lesbutineursdubonheur.com\/wp-content\/uploads\/2026\/03\/dessin-bota-decouverte-estivale-768x1086.png 768w, https:\/\/lesbutineursdubonheur.com\/wp-content\/uploads\/2026\/03\/dessin-bota-decouverte-estivale-1086x1536.png 1086w, https:\/\/lesbutineursdubonheur.com\/wp-content\/uploads\/2026\/03\/dessin-bota-decouverte-estivale-1448x2048.png 1448w, https:\/\/lesbutineursdubonheur.com\/wp-content\/uploads\/2026\/03\/dessin-bota-decouverte-estivale-42x60.png 42w, https:\/\/lesbutineursdubonheur.com\/wp-content\/uploads\/2026\/03\/dessin-bota-decouverte-estivale.png 1587w\" sizes=\"auto, (max-width: 724px) 100vw, 724px\" \/><\/figure>\n\n\n\n<figure class=\"wp-block-image size-large\"><img loading=\"lazy\" decoding=\"async\" width=\"724\" height=\"1024\" data-id=\"1835\" src=\"https:\/\/lesbutineursdubonheur.com\/wp-content\/uploads\/2026\/03\/Copie-de-decouverte-estivale-724x1024.png\" alt=\"\" class=\"wp-image-1835\" srcset=\"https:\/\/lesbutineursdubonheur.com\/wp-content\/uploads\/2026\/03\/Copie-de-decouverte-estivale-724x1024.png 724w, https:\/\/lesbutineursdubonheur.com\/wp-content\/uploads\/2026\/03\/Copie-de-decouverte-estivale-212x300.png 212w, https:\/\/lesbutineursdubonheur.com\/wp-content\/uploads\/2026\/03\/Copie-de-decouverte-estivale-768x1086.png 768w, https:\/\/lesbutineursdubonheur.com\/wp-content\/uploads\/2026\/03\/Copie-de-decouverte-estivale-1086x1536.png 1086w, https:\/\/lesbutineursdubonheur.com\/wp-content\/uploads\/2026\/03\/Copie-de-decouverte-estivale-1448x2048.png 1448w, https:\/\/lesbutineursdubonheur.com\/wp-content\/uploads\/2026\/03\/Copie-de-decouverte-estivale-42x60.png 42w, https:\/\/lesbutineursdubonheur.com\/wp-content\/uploads\/2026\/03\/Copie-de-decouverte-estivale.png 1587w\" sizes=\"auto, (max-width: 724px) 100vw, 724px\" \/><\/figure>\n<\/figure>\n","protected":false},"excerpt":{"rendered":"<p>Ecole des naturalistes d&#8217;aquitaine Dessin Botanique Cycle ornithologie Activit\u00e9s estivale S\u00e9minaire du mouvement de l&#8217;agriculture biodynamique Demies journ\u00e9es d\u00e9couverte<\/p>\n","protected":false},"author":1,"featured_media":0,"parent":0,"menu_order":0,"comment_status":"closed","ping_status":"closed","template":"","meta":{"footnotes":""},"class_list":["post-96","page","type-page","status-publish","hentry","latest_post"],"_links":{"self":[{"href":"https:\/\/lesbutineursdubonheur.com\/index.php\/wp-json\/wp\/v2\/pages\/96","targetHints":{"allow":["GET"]}}],"collection":[{"href":"https:\/\/lesbutineursdubonheur.com\/index.php\/wp-json\/wp\/v2\/pages"}],"about":[{"href":"https:\/\/lesbutineursdubonheur.com\/index.php\/wp-json\/wp\/v2\/types\/page"}],"author":[{"embeddable":true,"href":"https:\/\/lesbutineursdubonheur.com\/index.php\/wp-json\/wp\/v2\/users\/1"}],"replies":[{"embeddable":true,"href":"https:\/\/lesbutineursdubonheur.com\/index.php\/wp-json\/wp\/v2\/comments?post=96"}],"version-history":[{"count":60,"href":"https:\/\/lesbutineursdubonheur.com\/index.php\/wp-json\/wp\/v2\/pages\/96\/revisions"}],"predecessor-version":[{"id":1843,"href":"https:\/\/lesbutineursdubonheur.com\/index.php\/wp-json\/wp\/v2\/pages\/96\/revisions\/1843"}],"wp:attachment":[{"href":"https:\/\/lesbutineursdubonheur.com\/index.php\/wp-json\/wp\/v2\/media?parent=96"}],"curies":[{"name":"wp","href":"https:\/\/api.w.org\/{rel}","templated":true}]}}